se 69 = -3*z + 3*l, l - 3*l - 66 = g*z. Let a = 88 + z. Calculate the highest common factor of 20 and a.
20
Suppose 3*p - 142 = -o, -7*o = 7*p - 10*o - 310. Calculate the highest common factor of p and 10511.
23
Suppose 0 = 9*y - 9213 + 2373. Let a = 768 - y. Calculate the greatest common factor of a and 44.
4
Suppose 47647 = 27*h - 121914 + 45685. What is the highest common divisor of 1258 and h?
74
Let y(l) = 2*l**3 + 14*l**2 - 10*l + 53. Let a be y(-8). Calculate the highest common divisor of 150 and a.
5
Let t = 2493 + -1437. What is the greatest common factor of 924 and t?
132
Suppose 841 = 11*h - 167 - 422. Calculate the greatest common divisor of h and 26.
26
Suppose -5*v = -25, 0 = -5*h + 5*v + 106 + 14. Let w = -3725 - -4102. Calculate the highest common factor of w and h.
29
Let r(k) = -k**2 + 7*k + 10 + 4*k + 0*k - 2*k. Let q be r(8). Let s(o) = -46*o - 350. Let m be s(-8). What is the highest common factor of m and q?
18
Suppose 3*z + 33*b - 28*b = 15, 0 = 3*z + 2*b - 15. Suppose z*k + 1215 = 20*k. What is the greatest common divisor of 63 and k?
9
Suppose 2*o + 2 = 0, 2*j + 1 = -o + 4*o. Let b be (-6)/j + -15 + 12. Suppose -x + b*x = -10. What is the highest common factor of x and 80?
10
Suppose -o + 0*o = 8*o - 4320. Calculate the greatest common factor of 510 and o.
30
Let y = 42 - 38. Let s be (-9)/(-6) + 6/y. Suppose s*k + 2*m = 34, 4*k + 3*m - 2*m - 47 = 0. What is the greatest common factor of 3 and k?
3
Suppose 40579*j = 40533*j + 17020 + 17572. Suppose 2*y + 141 = 5*y. Calculate the greatest common divisor of y and j.
47
Let l be 576/108 + -1*(-2)/3. Let b be (-16)/24*-1 + 188/l. What is the highest common factor of 16 and b?
16
Suppose 0 = -68*u - 95*u + 7335. Calculate the highest common factor of u and 1395.
45
Let d be (1/(-1))/((-1)/145). Let f(s) = s**3 - 14*s**2 + 32*s + 138. Let r be f(10). Calculate the highest common divisor of r and d.
29
Let a(l) = 27*l + 4. Let j be a(2). Suppose 0 = -4*v + 22 + j. Let s = 328 - 308. What is the greatest common factor of v and s?
20
Let n = 121 + -65. Let z(j) = 1522*j**3 - 5*j**2 + 6. Let u be z(-1). Let g = -1073 - u. What is the highest common factor of g and n?
56
Let b = -94 + 69. Let t(k) = k**2 + 3*k + 4. Let c be t(-7). Let x = c + b. What is the highest common divisor of 77 and x?
7
Let t(y) = y - 1. Let w(f) = f**2 - 11*f + 3. Let b(h) = 2*t(h) + w(h). Let a be b(9). Let u be 24/3 + a + 2. What is the greatest common factor of u and 22?
11
Let m(n) = -n + 9. Let p be m(9). Suppose 3*b - 95 = -4*q, 6*q - b - 133 = q. Suppose -13*d = -p - q. What is the greatest common factor of 26 and d?
2
Let k(x) = -x**3 + 2*x**2 - x + 9. Let s be k(3). Let m be s/4 + 11/4. Let i be (-48)/10*(-27 + m). Calculate the greatest common divisor of 15 and i.
15
Let k(s) = 47*s + 246. Let o be k(-5). Let w = o - -5. What is the highest common factor of w and 272?
16
Suppose -227 - 825 = -8*a - 412. Calculate the highest common divisor of 4080 and a.
80
Suppose 11*w - 59055 = -116*w. What is the greatest common divisor of w and 30?
15
Suppose 1395*q - 1202*q = 12159. Let w be (14/(-4))/((-2)/4). What is the highest common factor of w and q?
7
Let z be 2002/99 - 4/18. Let g(b) = -b**3 - 9*b**2 + 9*b - 5. Let a be g(-10). Suppose 0 = 4*f - a*f + 4. What is the highest common divisor of f and z?
4
Let h be 174/9 + 2366/(-78) + 31. Calculate the highest common divisor of h and 9640.
20
Suppose -4*j = -9*j + n + 54, -3*j + 3*n = -30. Calculate the greatest common divisor of 3817 and j.
11
Suppose g = 3*p - 71, -2*g + 5*g = -5*p + 95. Let c(z) = -4*z**3 - 9*z**2 + 7*z - 7. Let n be c(-4). Calculate the greatest common factor of n and p.
11
Let o(i) = 4*i**2 - 6. Let p be o(4). Let j = -54 + p. Suppose -j*c = -111 - 9. What is the greatest common factor of c and 120?
30
Let f(r) = 4*r**2 + 9*r - 35. Let w be f(-7). Suppose -21*y + 322 = -w. What is the highest common divisor of y and 80?
20
Suppose 22*k - 4*k + 126 = 0. Let p(f) = -f**3 - 6*f**2 - 6*f - 73. Let s be p(k). Calculate the greatest common divisor of 2 and s.
2
Let x = 900 - 840. What is the highest common divisor of 1995 and x?
15
Let u(z) = -8 - 5*z + 0*z - 4. Suppose a + 5*k - 2 = 2, 0 = -5*a + 3*k - 36. Let s be u(a). What is the greatest common divisor of 27 and s?
9
Let b be -3*((-4)/(-6) + 42/(-18)). Suppose 4*r = -3*a + 442, 2*a + b*r - 92 = 198. What is the greatest common factor of 120 and a?
30
Let n be 556*9/108 - 4/3. Let y be 23*3*(5 - 4). Let b = -39 + y. What is the greatest common divisor of n and b?
15
Let u = -1049 + 1517. Suppose -u = -0*a - 2*a. Calculate the greatest common divisor of a and 90.
18
Suppose 7*h - 9*h - n = -9541, -23857 = -5*h - n. Calculate the greatest common divisor of 4 and h.
4
Let b = -359 - 62. Let r = b - -429. What is the greatest common divisor of r and 56?
8
Let s(a) = 8*a**2 - 136*a + 116. Let p be s(25). Calculate the highest common divisor of 88 and p.
44
Let o(a) = a + 5. Let s be o(0). Let h be ((s - 10) + 4)*-3. Suppose -75 = -3*q - q - h*y, 3*q - 65 = -4*y. Calculate the highest common factor of q and 165.
15
Suppose 3*s - 30069 = 3*n, 269*s - 40137 = 265*s - n. What is the highest common factor of 176 and s?
176
Suppose -3*d + 3*b = -0*d, b - 3 = 0. Let q be 10/(d + -1) - 2. Suppose 2*h = -x + 27, 3*x + x + 12 = 0. What is the highest common divisor of h and q?
3
Suppose 718*k - 399 = 715*k. What is the greatest common factor of 3458 and k?
133
Suppose 29*d - 76492 + 66284 = 0. What is the greatest common divisor of d and 1696?
32
Let y be 1 + (-70)/90 + 695/(-9). Let a(h) = -11*h**2 + h + 6. Let c be a(3). Let v = y - c. What is the highest common divisor of v and 104?
13
Let h be (160/(-15))/8*(-11 + -1). Suppose 4*v - h*v = -576. Calculate the greatest common factor of v and 192.
48
Let m be 46/(-6) + (-3)/9. Let c be (-9 - m) + (4 - 2). Let s be c*981/39 - 4/26. What is the greatest common factor of s and 5?
5
Let i(o) = 4*o - 51. Let d be i(14). Suppose d*t - 855 = -0*m + 5*m, 2*t - 328 = -5*m. Calculate the greatest common factor of 13 and t.
13
Let v(q) = 330*q**2 - 14*q - 36. Let j be v(-3). Suppose 228*w = 232*w - j. Calculate the highest common factor of 12 and w.
12
Suppose -3*k = 2*s - 6*k - 1977, 0 = 4*s + k - 3933. Calculate the highest common factor of s and 615.
123
Let j be 39/15 - 6/(-15). Let r be 6/j*-3*-5. Let b(a) = -45*a**2 + 4140*a + 12. Let y be b(92). Calculate the highest common divisor of y and r.
6
Let l = 185 + -146. Let y(f) = -f**2 + 41*f - 70. Let n be y(l). What is the greatest common divisor of n and 20?
4
Suppose -2*d = -5*y + 18926, 5*y - 23674 + 4763 = -3*d. Calculate the greatest common factor of 43 and y.
43
Suppose 46*x - 2604 = 15*x. Let i = -62 + x. Calculate the greatest common divisor of i and 22.
22
Let p(k) = 157*k - 75. Let j be p(3). Calculate the highest common divisor of j and 1089.
99
Let b be 58/(-783) + 142/(-270) + 54/15. What is the greatest common divisor of 84 and b?
3
Let z(y) = 12*y - 90. Let j be z(12). Let t be 2073/27 + (60/j)/5. Let x(m) = -m**2 - 5*m + 7. Let s be x(-5). Calculate the highest common divisor of t and s.
7
Let n(d) = 74*d**2 + d - 1. Let h be n(-1). Suppose -3*m - 4*o + 111 = 0, 3*m = 5*o + 12 + h. What is the highest common factor of 15 and m?
3
Let h(w) = 2*w**3 - 61*w**2 + 89*w - 49. Let n be h(29). Calculate the highest common factor of 3 and n.
3
Suppose -5600 = 71*g - 73*g. Suppose 9*p = -5*p + g. What is the highest common factor of p and 50?
50
Let b(q) = q**2 + 70*q + 672. Let n be b(-70). What is the greatest common factor of n and 288?
96
Let t(w) = -w**2 + 11*w + 257. Let f be (0/6 - 11)*1. Let b be t(f). Suppose r = -2 + 5. Calculate the highest common factor of b and r.
3
Let s = -87064 - -87135. Let y be -1 - -781 - (0 + -1). Calculate the greatest common divisor of s and y.
71
Suppose -430 + 540 = 2*t. Let x(z) = -z**2 - 5*z + 109. Let m be x(-12). What is the highest common divisor of t and m?
5
Suppose -5*t + 4*s + 8718 = -42169, s = t - 10179. Calculate the greatest common divisor of t and 7.
7
Let h be (-6 + (-105)/(-7))*64/(-36)*-3. Let k(u) = 6*u**2 + 25*u**2 - 4 + 5. Let d be k(-1). What is the highest common divisor of d and h?
16
Suppose m = -m + 96. Suppose -n - 2*h = -64